{"id":318,"date":"2022-08-22T08:14:51","date_gmt":"2022-08-22T06:14:51","guid":{"rendered":"https:\/\/gis-hub.whptest.uzh.ch\/apps\/?page_id=9"},"modified":"2025-04-01T11:51:17","modified_gmt":"2025-04-01T09:51:17","slug":"about","status":"publish","type":"page","link":"https:\/\/www.gis-hub.uzh.ch\/de\/about\/","title":{"rendered":"\u00dcber uns"},"content":{"rendered":"<p class=\"wp-block-paragraph translation-block\">Der GIS Hub an der Universit\u00e4t Z\u00fcrich (UZH) wurde im Rahmen der <a href=\"https:\/\/www.dsi.uzh.ch\/en.html\" target=\"_blank\" aria-label=\" (opens in a new tab)\" rel=\"noreferrer noopener\" class=\"ek-link\">Digital Society Initiative (DSI)<\/a> gegr\u00fcndet. Wir bieten Ihnen Unterst\u00fctzung bei der Anwendung von geografischen Informationssystemen, kurz GIS genannt. Unsere Dienstleistungen umfassen die Erstellung, Analyse und Visualisierung von r\u00e4umlichen Daten bis hin zur Publikation der Daten als interaktive Webmap. Wir beraten Sie, wie Sie r\u00e4umliche Daten erheben k\u00f6nnen, wie Sie aus Ihren Forschungsdaten eine Karte erstellen und r\u00e4umliche Analysen durchf\u00fchren k\u00f6nnen. Zudem helfen wir Ihnen, Ihre Ergebnisse als Open Data auf einem web-mapping Server zu publizieren. Zus\u00e4tzlich organisieren wir <a href=\"https:\/\/www.gis-hub.uzh.ch\/de\/apps\/events-calendar\/\" class=\"ek-link\" target=\"_self\">Workshops und Lunchtime Talks<\/a> zu verschiedenen GIS-Themen.<\/p>\n\n\n\n<figure class=\"wp-block-embed is-type-video is-provider-youtube wp-block-embed-youtube wp-embed-aspect-16-9 wp-has-aspect-ratio\"><div class=\"wp-block-embed__wrapper\">\n<iframe loading=\"lazy\" title=\"Daten mit Karten darstellen: der DSI GIS Hub\" width=\"750\" height=\"422\" src=\"https:\/\/www.youtube.com\/embed\/yr2EI4wFrLQ?feature=oembed\" frameborder=\"0\" allow=\"accelerometer; autoplay; clipboard-write; encrypted-media; gyroscope; picture-in-picture; web-share\" referrerpolicy=\"strict-origin-when-cross-origin\" allowfullscreen><\/iframe>\n<\/div><\/figure>\n\n\n\n<p class=\"wp-block-paragraph translation-block\">Sie m\u00f6chten wissen, wie die Zusammenarbeit zwischen Forschenden und dem GIS Hub aussieht? In unserem <a href=\"https:\/\/www.gis-hub.uzh.ch\/de\/blog\/\" class=\"ek-link\" target=\"_self\">Blog<\/a> berichten wir laufend dar\u00fcber.<\/p>\n\n\n\n<p class=\"wp-block-paragraph\">Die Menschen hinter dem Hub sind:<\/p>\n\n\n\n<p class=\"wp-block-paragraph translation-block\"><a href=\"https:\/\/www.geo.uzh.ch\/en\/department\/Staff\/rosspurves\" target=\"_blank\" aria-label=\" (opens in a new tab)\" rel=\"noreferrer noopener\" class=\"ek-link\"><strong>Ross Purves<\/strong><\/a> ist Professor f\u00fcr Geoinformatik am Geographischen Institut. Er hat umfangreiche Forschungsarbeiten \u00fcber die Verwendung der nat\u00fcrlichen Sprache zur Beantwortung von geografischen Fragen durchgef\u00fchrt, insbesondere im Hinblick auf die Umwelt. Er verf\u00fcgt \u00fcber fundiertes Wissen in der Anwendung von GIS.<\/p>\n\n\n\n<p class=\"wp-block-paragraph translation-block\"><a rel=\"noreferrer noopener\" href=\"https:\/\/www.hist.uzh.ch\/de\/fachbereiche\/neuzeit\/wissenschaftliche-mitarbeitende\/ursprung.html\" target=\"_blank\" class=\"ek-link\"><strong>Daniel Ursprung<\/strong><\/a> ist Historiker am Historischen Seminar, mit Spezialisierung auf Osteuropa und den Balkan vom Sp\u00e4tmittelalter bis zur Neuzeit. Er verf\u00fcgt \u00fcber umfangreiche Erfahrung im Einsatz von GIS zur Erforschung historisch relevanter Fragestellungen und \u00fcber eine langj\u00e4hrige Erfahrung in der Vermittlung von GIS-Kenntnissen.<\/p>\n\n\n\n<p class=\"wp-block-paragraph translation-block\"><a href=\"https:\/\/www.spur.uzh.ch\/en\/departments\/personen\/Peter-Ranacher.html\" target=\"_blank\" aria-label=\" (opens in a new tab)\" rel=\"noreferrer noopener\" class=\"ek-link\"><strong>Peter Ranacher<\/strong><\/a> leitet die Spatial Data Science Group des Universit\u00e4ren Forschungsschwerpunkts Sprache und Raum (UFSP). Er ist Experte f\u00fcr die Analyse von Bewegungsdaten und hat sich in letzter Zeit auf die Erforschung der Evolution von Sprachen in Zeit und Raum fokussiert.<\/p>\n\n\n\n<p class=\"wp-block-paragraph translation-block\"><strong><a aria-label=\"Katia Soland (opens in a new tab)\" href=\"https:\/\/www.geo.uzh.ch\/en\/department\/Staff\/solandkatia\" target=\"_blank\" rel=\"noreferrer noopener\" class=\"ek-link\">Katia Soland<\/a><\/strong> ist die Koordinatorin des GIS Hubs. Sie treibt die Aktivit\u00e4ten des Hubs voran und k\u00fcmmert sich um die Kommunikation und Organisation. Sie ber\u00e4t Forschende und Studierende zu GIS-Themen und hilft in disziplinen\u00fcbergreifenden Projekten mit. Sie hat einen Master in Geografie mit Vertiefung Geografische Informationssysteme (GIS) von der UZH.<\/p>\n\n\n\n<p class=\"wp-block-paragraph translation-block\">Der <strong>Beirat<\/strong> des GIS Hubs besteht aus <strong><a href=\"https:\/\/geo.uzh.ch\/en\/units\/giva\/staff\/sarafabrikant\" class=\"ek-link\" target=\"_self\">Prof. Dr. Sara Irina\u00a0Fabrikant<\/a><\/strong>, Professorin f\u00fcr Geographic Information Visualization and Analysis,  <strong>Prof. Dr. Carlota de Benito Moreno <\/strong>, Assistenzprofessorin f\u00fcr Sprache und Raum in Iberoromanistik, und <strong><a href=\"https:\/\/www.hist.uzh.ch\/de\/dhl\/team\/Koordination\/grundig_christine.html\" class=\"ek-link\" target=\"_self\">Dr. Christine Grundig<\/a><\/strong>, Koordinatorin des Digital History Labs.<\/p>\n\n\n\n<p class=\"wp-block-paragraph\">Der GIS Hub als DSI Lab dauerte vom 1. Juli 2022 bis zum 31. Dezember 2024. Ab 2025 wird er in der Forschungsgruppe von Ross Purves am Geographischen Institut der UZH weitergef\u00fchrt - in angepasster Form, aber mit dem gleichen Enthusiasmus.<\/p>\n\n\n\n<hr class=\"wp-block-separator has-alpha-channel-opacity\"\/>\n\n\n\n<p class=\"wp-block-paragraph\">Fr\u00fchere Mitglieder des GIS Hubs:<\/p>\n\n\n\n<p class=\"wp-block-paragraph translation-block\"><a rel=\"noreferrer noopener\" href=\"https:\/\/cybersecurity.dsi.uzh.ch\/member\/leyla-ciragan\/\" target=\"_blank\" class=\"ek-link\"><strong>Leyla Ciragan<\/strong><\/a> ist Mitglied des Bereichs \u00abDigitale Lehre und Forschung\u00bb und verantwortlich f\u00fcr die Entwicklung von Themen und Infrastrukturen im Bereich \u00abDigital Humanities\u00bb an der Philosophischen Fakult\u00e4t. Sie ist Germanistin und Informatikerin und bringt Kenntnisse in technischer Infrastruktur und in den Digital Humanities mit.<\/p>","protected":false},"excerpt":{"rendered":"<p>The GIS Hub at the University of Zurich (UZH) was created as a Lab for the Digital Society Initiative (DSI). We offer support in the use of Geographic Information Systems<a class=\"more-link\" href=\"https:\/\/www.gis-hub.uzh.ch\/de\/about\/\"><span class=\"screen-reader-text\">&#8220;About&#8221;<\/span> weiterlesen<\/a><\/p>","protected":false},"author":2,"featured_media":0,"parent":0,"menu_order":0,"comment_status":"closed","ping_status":"closed","template":"","meta":{"_editorskit_title_hidden":false,"_editorskit_reading_time":1,"_editorskit_is_block_options_detached":false,"_editorskit_block_options_position":"{}","footnotes":""},"class_list":["post-318","page","type-page","status-publish","hentry","entry"],"featured_image_src":null,"_links":{"self":[{"href":"https:\/\/www.gis-hub.uzh.ch\/de\/wp-json\/wp\/v2\/pages\/318","targetHints":{"allow":["GET"]}}],"collection":[{"href":"https:\/\/www.gis-hub.uzh.ch\/de\/wp-json\/wp\/v2\/pages"}],"about":[{"href":"https:\/\/www.gis-hub.uzh.ch\/de\/wp-json\/wp\/v2\/types\/page"}],"author":[{"embeddable":true,"href":"https:\/\/www.gis-hub.uzh.ch\/de\/wp-json\/wp\/v2\/users\/2"}],"replies":[{"embeddable":true,"href":"https:\/\/www.gis-hub.uzh.ch\/de\/wp-json\/wp\/v2\/comments?post=318"}],"version-history":[{"count":30,"href":"https:\/\/www.gis-hub.uzh.ch\/de\/wp-json\/wp\/v2\/pages\/318\/revisions"}],"predecessor-version":[{"id":1892,"href":"https:\/\/www.gis-hub.uzh.ch\/de\/wp-json\/wp\/v2\/pages\/318\/revisions\/1892"}],"wp:attachment":[{"href":"https:\/\/www.gis-hub.uzh.ch\/de\/wp-json\/wp\/v2\/media?parent=318"}],"curies":[{"name":"wp","href":"https:\/\/api.w.org\/{rel}","templated":true}]}}

Über uns

<p class="wp-block-paragraph translation-block">Der GIS Hub an der Universität Zürich (UZH) wurde im Rahmen der <a href="https://www.dsi.uzh.ch/en.html" target="_blank" aria-label=" (opens in a new tab)" rel="noreferrer noopener" class="ek-link">Digital Society Initiative (DSI)</a> gegründet. Wir bieten Ihnen Unterstützung bei der Anwendung von geografischen Informationssystemen, kurz GIS genannt. Unsere Dienstleistungen umfassen die Erstellung, Analyse und Visualisierung von räumlichen Daten bis hin zur Publikation der Daten als interaktive Webmap. Wir beraten Sie, wie Sie räumliche Daten erheben können, wie Sie aus Ihren Forschungsdaten eine Karte erstellen und räumliche Analysen durchführen können. Zudem helfen wir Ihnen, Ihre Ergebnisse als Open Data auf einem web-mapping Server zu publizieren. Zusätzlich organisieren wir <a href="https://www.gis-hub.uzh.ch/de/apps/events-calendar/" class="ek-link" target="_self">Workshops und Lunchtime Talks</a> zu verschiedenen GIS-Themen.</p>



<figure class="wp-block-embed is-type-video is-provider-youtube wp-block-embed-youtube wp-embed-aspect-16-9 wp-has-aspect-ratio"><div class="wp-block-embed__wrapper">
<iframe loading="lazy" title="Daten mit Karten darstellen: der DSI GIS Hub" width="750" height="422" src="https://www.youtube.com/embed/yr2EI4wFrLQ?feature=oembed" frameborder="0" allow="accelerometer; autoplay; clipboard-write; encrypted-media; gyroscope; picture-in-picture; web-share" referrerpolicy="strict-origin-when-cross-origin" allowfullscreen></iframe>
</div></figure>



<p class="wp-block-paragraph translation-block">Sie möchten wissen, wie die Zusammenarbeit zwischen Forschenden und dem GIS Hub aussieht? In unserem <a href="https://www.gis-hub.uzh.ch/de/blog/" class="ek-link" target="_self">Blog</a> berichten wir laufend darüber.</p>



<p class="wp-block-paragraph">Die Menschen hinter dem Hub sind:</p>



<p class="wp-block-paragraph translation-block"><a href="https://www.geo.uzh.ch/en/department/Staff/rosspurves" target="_blank" aria-label=" (opens in a new tab)" rel="noreferrer noopener" class="ek-link"><strong>Ross Purves</strong></a> ist Professor für Geoinformatik am Geographischen Institut. Er hat umfangreiche Forschungsarbeiten über die Verwendung der natürlichen Sprache zur Beantwortung von geografischen Fragen durchgeführt, insbesondere im Hinblick auf die Umwelt. Er verfügt über fundiertes Wissen in der Anwendung von GIS.</p>



<p class="wp-block-paragraph translation-block"><a rel="noreferrer noopener" href="https://www.hist.uzh.ch/de/fachbereiche/neuzeit/wissenschaftliche-mitarbeitende/ursprung.html" target="_blank" class="ek-link"><strong>Daniel Ursprung</strong></a> ist Historiker am Historischen Seminar, mit Spezialisierung auf Osteuropa und den Balkan vom Spätmittelalter bis zur Neuzeit. Er verfügt über umfangreiche Erfahrung im Einsatz von GIS zur Erforschung historisch relevanter Fragestellungen und über eine langjährige Erfahrung in der Vermittlung von GIS-Kenntnissen.</p>



<p class="wp-block-paragraph translation-block"><a href="https://www.spur.uzh.ch/en/departments/personen/Peter-Ranacher.html" target="_blank" aria-label=" (opens in a new tab)" rel="noreferrer noopener" class="ek-link"><strong>Peter Ranacher</strong></a> leitet die Spatial Data Science Group des Universitären Forschungsschwerpunkts Sprache und Raum (UFSP). Er ist Experte für die Analyse von Bewegungsdaten und hat sich in letzter Zeit auf die Erforschung der Evolution von Sprachen in Zeit und Raum fokussiert.</p>



<p class="wp-block-paragraph translation-block"><strong><a aria-label="Katia Soland (opens in a new tab)" href="https://www.geo.uzh.ch/en/department/Staff/solandkatia" target="_blank" rel="noreferrer noopener" class="ek-link">Katia Soland</a></strong> ist die Koordinatorin des GIS Hubs. Sie treibt die Aktivitäten des Hubs voran und kümmert sich um die Kommunikation und Organisation. Sie berät Forschende und Studierende zu GIS-Themen und hilft in disziplinenübergreifenden Projekten mit. Sie hat einen Master in Geografie mit Vertiefung Geografische Informationssysteme (GIS) von der UZH.</p>



<p class="wp-block-paragraph translation-block">Der <strong>Beirat</strong> des GIS Hubs besteht aus <strong><a href="https://geo.uzh.ch/en/units/giva/staff/sarafabrikant" class="ek-link" target="_self">Prof. Dr. Sara Irina Fabrikant</a></strong>, Professorin für Geographic Information Visualization and Analysis,  <strong>Prof. Dr. Carlota de Benito Moreno </strong>, Assistenzprofessorin für Sprache und Raum in Iberoromanistik, und <strong><a href="https://www.hist.uzh.ch/de/dhl/team/Koordination/grundig_christine.html" class="ek-link" target="_self">Dr. Christine Grundig</a></strong>, Koordinatorin des Digital History Labs.</p>



<p class="wp-block-paragraph">Der GIS Hub als DSI Lab dauerte vom 1. Juli 2022 bis zum 31. Dezember 2024. Ab 2025 wird er in der Forschungsgruppe von Ross Purves am Geographischen Institut der UZH weitergeführt - in angepasster Form, aber mit dem gleichen Enthusiasmus.</p>



<hr class="wp-block-separator has-alpha-channel-opacity"/>



<p class="wp-block-paragraph">Frühere Mitglieder des GIS Hubs:</p>



<p class="wp-block-paragraph translation-block"><a rel="noreferrer noopener" href="https://cybersecurity.dsi.uzh.ch/member/leyla-ciragan/" target="_blank" class="ek-link"><strong>Leyla Ciragan</strong></a> ist Mitglied des Bereichs «Digitale Lehre und Forschung» und verantwortlich für die Entwicklung von Themen und Infrastrukturen im Bereich «Digital Humanities» an der Philosophischen Fakultät. Sie ist Germanistin und Informatikerin und bringt Kenntnisse in technischer Infrastruktur und in den Digital Humanities mit.</p>
